- ((-59 - -104) + -29)?
31
What is the value of (-17 - 0) + (-2354 - -2304)?
-67
Calculate -172 + 511 + -325 - (-3 + 2 - (94 - 1)).
108
What is 15 - (-106 + 137 + 2 + -36)?
18
What is (-8 - (13 - (-15 - -28))) + 0 + -1 + -4?
-13
What is -10 + 9 + -13 + 18 + 11 + 18?
33
What is (-16 - (-15 + -13) - 16) + -20 + 6?
-18
Evaluate -83 - (3 + -6 + -5 + 21 + -17 - 3).
-76
What is the value of ((-52 - -19) + 25 - (75 + -5)) + (-1 - 1)?
-80
Evaluate (36 - 31) + (-8 - (-4 - 45)).
46
What is the value of 87 - (48 - (-5 - -13) - (2 - -19))?
68
Calculate 1 + -14 + (-42 - -49) + -89 + 41.
-54
What is the value of 75 + -1 + 3 - 3 - (576 - 569) - 8?
59
-13 + (-3 - -13 - -5) + -7 - -11 - 14
-8
What is the value of 8 + -2 + (-214 - -207) + (1 - 18)?
-18
What is the value of (28 - 63) + (37 - 5)?
-3
What is (91 + -20 - 22) + (10 - -2 - 36)?
25
-35 + 68 + 12 - 0
45
What is 99 + 1 + (-3 - (-26 - (32 - 60))) - 4?
91
Calculate 14 + (-50 - (6 + -41)) - ((-1 - 3) + 20).
-17
What is the value of 2 - (-13 + 1 + -203 + 196)?
21
Evaluate (1426 - 1383) + -1 + -60.
-18
Evaluate (13 - (1 + (17 - 4))) + (-1 - -30).
28
Calculate (8 - (6 + 4)) + (-18 - -6 - -20).
6
What is the value of (-6 - 1) + (-4 + 2 - 1 - (-244 + 243))?
-9
What is the value of 9 + (41 + -11 - -50) + -2 + -15?
72
-56 + (11 - (62 + -27) - -22)
-58
Calculate (4 - 0) + (91 + -77 - (-3 - -10)) + 38.
49
What is the value of 41 - 89 - -11 - -89?
52
-6 + (4 - (14 + -1) - (-11 - -1)) + 34
29
40 + (27 - 2) + (3 - 47)
21
What is the value of (-27 - -5) + 39 + (50 - -3)?
70
What is (77 - 56 - 5) + (15 - (4 + -4))?
31
Evaluate (9 - -2) + 7 + -32 + -5 + -44.
-63
Evaluate 11 - (-38 - (-27 + -29)).
-7
What is -14 + 112 + -120 + 2 + 73 - (2 - 14)?
65
What is -1 + (4 - 0) - (-55 - -170 - 48)?
-64
-32 + -6 - (7 + (10 - (5 + 8)))
-42
What is the value of (-2 - 5) + 14 + -25 + 21 - 1 - 10?
-8
1 + 86 + (8 + 3 - (30 - (32 - 13)))
87
Evaluate 174 + -173 + -2 + 0.
-1
What is -1 + 96 + -115 + -10?
-30
Evaluate 32 + -99 + 29 + 18 + 1.
-19
What is the value of -71 + 38 + 50 + 24?
41
What is the value of 2620 - 2653 - (33 + (-4 - -8))?
-70
Calculate -1 - ((37 - 89) + 41 - (0 - 10)).
0
(9 - -13) + (-5 - -8) - 56
-31
Calculate 34 - (67 - (44 + -3)) - -112.
120
37 - (4 + -41) - (2 + 16)
56
What is 45 - (112 - 89) - -83?
105
What is the value of -2941 + 2831 - (-13 - 5)?
-92
Evaluate -20 + 0 - (-39 - (7 - 29) - -6).
-9
(29 - 2) + (-157 - (-13 + -47))
-70
-1560 + 1515 - (-72 + 1)
26
9 + -18 + -10 - (161 - 2 - 46)
-132
(3638 - 3708) + (36 - -1)
-33
Calculate (15 - 1) + -18 + (-59 - -10) + (1 - 3).
-55
What is the value of -383 - -538 - (-21 - -81)?
95
Evaluate -54 + 100 + -53 + (11 - (2 - 0)).
2
Evaluate 21 + -67 + 23 - (-1 + 24).
-46
What is the value of -5 + 9 + 23 + (10 - 3) - 4?
30
Evaluate -18 + 0 + 123 + -192 - (15 + -29).
-73
What is -5 + (65 - (18 - 10)) - (7 + 0 + -17)?
62
Evaluate -37 - -4 - (-42 + 3).
6
What is the value of 15 + -16 - -3 - (-13 + 2 + 5) - 53?
-45
Evaluate 5 + (21 - 22) - (7 + -12 - (3 - -2)).
14
Calculate (-1 - (-9 - -15)) + (-78 - -77).
-8
Evaluate -38 - (-11 + -1) - (-54 + 79).
-51
46 + 43 + -6 + -47
36
Calculate -11 - (-17 - -24) - (-5 - (-21 + (-3 - -13))).
-24
Evaluate 2 + -22 - (-28 - 1) - 7.
2
What is the value of 7 - -39 - (-206 + 212) - 30?
10
Calculate 513 + -505 + (-18 - -1).
-9
Calculate (57 - -2) + (11495 - 11551).
3
What is -11 + -5 - (76 - 37)?
-55
What is the value of (10 - 9 - -13 - 14) + 11 - (8 - 128)?
131
-29 + -26 + 44 - (31 - 0)
-42
-5 + -17 + (-18 - -35) + (59 - (-1 - 4))
59
Calculate -58 - ((92 - (-53 - -141)) + -1 + -10 + -2).
-49
Evaluate (-14 - 10) + 10 - (-23 - -9).
0
What is (-84 - -16) + -11 - (-7 + -1)?
-71
What is (177 - (280 - 146)) + -22 + 0?
21
Calculate -24 + (7 + -12 - -4 - -14) - -135 - 10.
114
28 + -38 + -11 + 14 + -16
-23
(-4 - (-4 + 4 - 4)) + -42 + -6
-48
Calculate (78 - (-13 - -42)) + 32 + -10.
71
What is 42 - (-7 - (12 + (-22 - (-11 - -13))))?
37
Calculate -9 + 14 + (32 - 84) + (-5 - 1).
-53
What is -42 - (0 + -37) - 24?
-29
Calculate -36 - (30 - (-47 - -153)).
40
2 + 60 - (-1042 + 1070)
34
69 + -5 + 4 + (-625 - -626)
69
What is the value of -4 - -133 - 117 - (1 - -2)?
9
What is the value of 29 + (-104 - -43) + (-1 - (4 - 0))?
-37
-121 - (-85 + -87 - -65)
-14
-9 - ((-4 - (-5 + 8) - -4) + 0 + -46)
40
Calculate 5 - (8 + -22 + 38 + 0).
-19
(-2 - 27) + -7 - -22 - (-2 + 28)
-40
10 + (-8 - (0 + 7 - 6)) + -31 - -9
-21
What is the value of 10 - (-14 - (-6 - 8) - 13 - (-99 - -5))?
-71
-6 - (-8 - (9 + -10)) - (-16 - 105 - 3)
125
What is 43 + (6 - -1) + 303 + -315?
38
What is the value of 0 - (16 + 1) - (49 - 54) - -36?
24
114 + 2 + (-173 - -84 - -46)
73
Evaluate 33 + (-13 - (-1 - 20)) + -10.
31
What is the value of (-82 - 6) + (38 - 57) + 34?
-73
Calculate 112 + -200 + 75 - ((1 - 0) + 48 - 0).
-62
What is the value of -1 + 29 + -83 - -11?
-44
Calculate 47 - (3 - ((-1 - 7) + (186 - 185))).
37
What is 20 + (-20 + 18 - 5) + 103?
116
Evaluate 132 + -33 + 192 + -322.
-31
Evaluate -3 + 11 + (1 - 121) - 10 - (-2 - -8).
-128
What is the value of 47 - 101 - -34 - 0?
-20
Calculate 111 + (-23 - 2) + -372 + 391.
105
Evaluate 1 + 9 + 120 + -3 + (-350 - -307).
84
What is 15 - 15 - ((4 - 18) + 5)?
9
What is the value of -7 + 4 + -4 - ((-3 - 8) + (0 - -4))?
0
What is the value of (4 - -1) + 60 + (98 - 99)?
64
(1 - (0 - 1)) + -48 + 26 + -18 + 40
2
What is 87 + 1 + -2519 + 2356?
-75
Calculate ((1 - 71) + -5 + 6 - 3) + -1 + -1.
-74
Calculate (0 - -12) + -7 - (12 - (48 + -21)).
20
-2 + -7 + (-28 - (-51 + -4)) + -14 - 69
-65
(44 - 77) + 30 - (8 + 31)
-42
What is -32 - ((-11 - 22) + -23)?
24
What is the value of (136 - (68 - 95)) + -81?
82
Evaluate 12 - (-48 + (85 - 55)).
30
Calculate (2 - 7) + -21 + (16 + -29 - 0).
-39
What is 61 - (7 - (16 - ((-13 - -6) + 8)))?
69
Evaluate (-806 + 364 - -338) + 18 + (-2 - -1).
-87
Calculate (52 - 11 - 51) + (-2 - (-10 + -3)).
1
4 - (-6 - ((1 - 1) + 60 + -73) - 86)
83
Calculate 37 + 0 - (135 + -95 + 56).
-59
Evaluate -27 + 57 + -12 + 10.
28
What is the value of -637 + 615 + 42 + -1 + 6?
25
What is the value of -139 + 1 + -3 - (1589 - 1585)?
-145
Calculate -1 + (10 - (-16 - -35)) - (-5 + 96).
-101
(-18 - -13) + 11 - 12 - (-8 + 0)
2
What is the value of -12 + 1 - (-127 - -107)?
9
What is the value of (-9 - -5) + 58 - (4 + (-32 - -42))?
40
Evaluate -46 + (78 - (-50 + 72)).
10
What is (-7 - -21) + 10 + (-168 - -117)?
-27
Calculate -43 + 98 + -1 + -19.
35
8 + 28 + (-46 - -71)
61
What is the value of (91 - (20 + 76)) + (-95 - 4)?
-104
Calculate -12009 + 12023 - (63 + -1).
-48
What is the value of -12 + 2 - (-17 + -14 + 4 - -19)?
-2
(4 - 2) + -18 - (152 + (-70 - 103))
5
What is 22 + -3 + 11 + -8 + (25 - 47)?
0
What is (-13 - ((3 - 0) + 1 + 190 + -186)) + -6?
-27
Evaluate (0 - 16 - -2) + (-12 - (-32 - -60) - -25).
-29
Evaluate (-3 - -8) + -1 + (841 - 850) + 34.
29
What is the value of -17 + -1 + (57 - (27 + 9))?
3
What is the value of -7 - -77 - (327 - 206)?
-51
Evaluate 76 + -45 + -12 + 0.
19
What is 29 + (-45 - (53 - 71))?
2
What is -1 + (0 - 1) + (-1402 - -1406 - (1 + 5))?
-4
What is the value of (-4 - (-1 - -5)) + (-62 + 6 - -7)?
-57
What is the value of 24 + (27 - 10 - (-2 - -25))?
18
-1027 + 1025 + -45 + 0
-47
Calculate 48 - 14 - -15 - (2 - -17).
30
What is -37 + 11 + 10 - -39 - 20?
3
Calculate 4218 - 4296 - (0 + -58).
-20
What is the value of (4 - 1) + -3 + 1 + 13 + -3 - -28?
39
-2 + 63 + (-19 + 31 - 18) + 1 + 4
60
What is 113 + (86 - (52 - -71))?
76
(-1 - 5) + -222 + 225 - (-56 + 10)
43
What is -99 - -86 - (-5 + 2) - -7 - (0 - -61)?
-64
-6 - (51 - (104 - 35))
12
Calculate 32 - ((-8 - -27) + -13 - 27).
53
Evaluate (55 - -103 - 155) + (-2 - 0) + -116.
-115
(-15 - -1 - (23 - (-24 - -48))) + 41
28
Calculate 9 - (1 + 9 - 62 - -10).
51
What is the value of 40 + -1 - ((16 - -27) + -47)?
43
Evaluate (-52 - -16 - -48) + (-3 - -3 - -57).
69
(1770 + -1795 - (-30 - -2)) + -2 + 19
20
Evaluate (2 - 87) + (12 + (17 - (9 - -2)) - 12).
-79
What is -11 + -11 + (-1 - (2 + 6 + 1)) + 5?
-27
Evaluate -13 + 19 + (-61 - (8 - 21)).
-42
What is the value of (50 + -60 - -51 - (10 + 1)) + -13?
17
What is the value of -12 + 6 + 1 + (40 - 46) + -7?
-18
What is the value of (27 - -7) + -71 - -46?
9
What is the value of (138 - 69) + 29 + -76?
22
What is -44 - (-73 - 0 - (772 + -787))?
14
Calcula